Is j prime?
False
Suppose 116*x - 1485660 - 1708733 = 3008243. Is x prime?
False
Suppose 0 = 5*r + l + 47, 3*r = 5*l - 34 - 11. Let b be (-20)/8*12/r. Suppose b*f + f = -4*h + 5904, -5*f = -3*h + 4436. Is h composite?
True
Suppose -m = -4*g - 10, 10 - 40 = -3*m + 2*g. Suppose m*w - 4668 = 130562. Is w a composite number?
False
Let j = 78 + -50. Let d(t) = -3*t + 22*t**3 + 1 + 42*t**3 - j*t**3 + t**2. Is d(4) a composite number?
False
Suppose 0 = -4*h + 5*k - 2*k + 6, 2*h + 4 = 5*k. Suppose h*g + 5*m - 64 = 0, 3*m = g - 10 - 2. Is (-3084)/9*(-27)/g prime?
False
Let c(p) = -614*p + 65. Suppose a - 5*i + 13 = -2*i, 6*a = -3*i - 15. Is c(a) prime?
True
Let c = 269397 + 211250. Is c composite?
False
Let v = 114565 - 171755. Let i = v - -83669. Is i prime?
True
Let j = -144 + 112. Is (j - 27)/((-1)/11) a prime number?
False
Let n be ((-2)/4)/(4/(-87608) + 0). Suppose -5*w = -2694 - n. Is w a prime number?
True
Let c = 109571 - 2550. Is c a prime number?
True
Suppose -4*k + 0*k - 14132 = 0. Let j = k - -5014. Is j composite?
False
Let x = -103603 + 196814. Is x prime?
False
Suppose 2433581 = 53*y + 307239 - 1876589. Is y prime?
True
Let p = 383 - 376. Suppose -p*r + 51028 + 637471 = 0. Is r a composite number?
True
Suppose -48*z + 43*z = 8*v - 1110283, 3*z = -2*v + 666153. Is z prime?
False
Let u(g) = g**3 + 55*g**2 - 69*g + 49. Is u(-48) prime?
True
Let t be 552/299 + (-2)/(-13) + 1. Suppose 0*k + t*k - 1574 = -x, -x + 1566 = -5*k. Is x a prime number?
True
Is (-28446755)/(-35) + 8/14 a prime number?
False
Suppose -76*i + 3938152 = 60*i. Is i a composite number?
True
Suppose 8*o - 327 = 609. Suppose 7*g - 3526 = -o. Is g composite?
False
Let z = 509 + -506. Suppose -11*t + 17623 = -8*t - o, -17635 = -z*t + 4*o. Is t composite?
True
Suppose 4*b - 7550 = 2*c - b, 3*b = -2*c - 7566. Let u = 2255 + c. Let m = u - -2154. Is m prime?
False
Let f = 66 + -110. Let k = -41 - f. Suppose k*u = -0*v - v + 638, 2*v - 1273 = -3*u. Is v prime?
False
Suppose 8*w + w + 3*w - 9792924 = 0. Is w composite?
False
Let z = 8887 - -122040. Is z a composite number?
False
Let r = 62 - 58. Let g = -1930 + 3617. Suppose -5*a + r*a + g = 0. Is a composite?
True
Let g = -5981 + 2160. Let q = g - -1329. Is (q/(-8) - -4)*2 composite?
False
Suppose -3 = -g - 5. Suppose -4*w - f = 2826, -w - 152 - 559 = -2*f. Is w/(-14) + (-1)/g a composite number?
True
Let n(y) = 113*y + 6. Let t(x) = -2*x**3 - 3*x**2 - 2*x + 4. Let w be t(-2). Let a be (3 - 32/w)/(2/42). Is n(a) composite?
False
Let s(n) = -397*n**3 + 10*n**2 - 3*n + 209. Is s(-9) a prime number?
False
Let f be 4780 - (1 - (6 - -1)). Is (-52)/(-130) - f/(-10) composite?
False
Let x(c) be the second derivative of -c**5/20 - 2*c**3/3 + 871*c**2/2 - 135*c. Is x(0) a prime number?
False
Suppose 45060 = -169*j + 166*j. Let t = -8831 - j. Is t prime?
False
Suppose 4*r + 4*g - 3639636 = 0, -3*r - 10*g = -12*g - 2729767. Is r a prime number?
True
Suppose 0*p + p + 6 = -3*b, -2*b = p + 1. Let f(s) = -7*s**2 - 6*s + 24. Let y be f(p). Let n = y + 1804. Is n composite?
True
Suppose 0 = 5*p + i - 27319, -2*p + 2714 + 8240 = -4*i. Is p a composite number?
True
Let t(g) = -g - 3. Let n be t(-7). Suppose -4*a - n = 0, 2*h - a = -4*a + 7. Is 196/h - 20/100 prime?
False
Suppose 0 = 86*b - 90*b + 16. Suppose -2*x = -z, b*z - 3*x + 1 = -4. Is z*(4/(-2) - 9499/14) a prime number?
True
Let u = 17 + 11. Is (190682/10)/1 - u/(-35) a prime number?
True
Let g be (513 - -21)*8/3. Let k = 7815 + g. Is k prime?
True
Let u(a) = 2005*a + 2009. Is u(102) a prime number?
True
Let l(a) be the second derivative of 1/12*a**4 + 0 - a**3 + 48*a - 6*a**2. Is l(-17) prime?
True
Let j = -84630 - -155750. Suppose -5*m + j = 3*b, -2*m = -6*m - b + 56889. Is m prime?
True
Let t = 18 + 52. Suppose 6465 = t*y - 67*y. Is y prime?
False
Suppose 4*f - 61088 = 26*z - 22*z, 45836 = 3*f + z. Is f a composite number?
False
Let k = 218 - 219. Let i = 20 + -28. Is k/i - (-130590)/144 prime?
True
Let v = 26 + -25. Suppose 3*u + v = 10. Suppose -5*j = u*a - 1999, -2*a + 1330 = 3*j + j. Is a a composite number?
False
Suppose -87*l + 30854474 = -10*l + 129*l. Is l composite?
True
Let c(s) = 6*s**3 - 5*s**2 + 5*s - 13. Let p = 56 - 52. Is c(p) composite?
False
Suppose 2*z - 42 = 4*q, q + 4*z - 3 = -0*q. Is 1754 - (q - (4 + -8)) prime?
True
Suppose 0 = -u - 81 - 88. Let x = -96 - u. Suppose -x*m = -77*m + 2020. Is m prime?
False
Is ((-457818)/15)/((-12)/(-30)*(-3 - -2)) a composite number?
False
Let i be (-7611)/(-2 + (-15)/(-6) + -2). Suppose 10*p - i = 16036. Is p a composite number?
False
Let v(a) be the second derivative of a**5/20 + a**4/3 - 2*a**3 - 13*a**2/2 - a - 18. Is v(4) prime?
True
Let m(h) = 797 + 2*h - 13*h**2 + 28*h**2 - 4*h**2 - 12*h**2. Suppose -v - 3*s + 2 = -5*s, -4*v + 3*s + 3 = 0. Is m(v) a prime number?
True
Let p(j) = -2*j - 19. Let y(t) = 2*t + 20. Let x(v) = -4*p(v) - 3*y(v). Let g be x(-4). Suppose 2829 = 11*b - g*b. Is b a composite number?
True
Let c(f) = -f**3 - 3*f**2 + 6*f + 4. Suppose 2*g + 2*x = -20, 0 = -2*g + 4*g + 4*x + 30. Let h be c(g). Is -4*((-146)/h - 2)*3 a composite number?
False
Is ((-1)/(-11))/((-31)/341) + (4162255 - -1) a composite number?
True
Suppose -4*k + 22*k + 12*k - 1064370 = 0. Is k a composite number?
True
Suppose 0 = -44*c + 1781780 + 10402280 + 2430936. Is c a prime number?
True
Suppose -4*d + 947076 = -4*y, -20*y = 3*d - 18*y - 710317. Is d a prime number?
True
Let h(m) = 2*m**2 + 15*m - 57. Let r be h(18). Let q = -558 + r. Is q prime?
False
Let a = -128727 + 230050. Is a prime?
True
Suppose 6*p - 169 = 197. Suppose p*u = 65*u - 30572. Is u prime?
True
Suppose u - k - 889566 = 0, 20*u - 1779130 = 18*u + 4*k. Is u a composite number?
True
Let y = 2528 - -5299. Is y a prime number?
False
Let j(p) = p**3 + 12*p**2 - 13*p + 7. Let o(l) = l**2 - 11*l - 3. Let m be o(10). Let w be j(m). Suppose w*d + 657 = 10*d. Is d prime?
False
Is (-242177099)/(-333) - 110/(-45) prime?
True
Let s(w) = 6391*w**2 - 32*w - 49. Is s(-2) composite?
False
Let q = 2549896 + -1656350. Is q composite?
True
Let g(u) = 41057*u**2 + 82*u - 82. Is g(1) composite?
False
Suppose i + 3*u = 188185, -3*i - 23*u = -19*u - 564535. Is i a prime number?
False
Let v = 46628 + -22101. Is v prime?
True
Let f = 136 + 242. Is 493584/f - (-2)/9 a composite number?
True
Is (5965 - (-1)/1) + (9 - (43 + -31)) composite?
True
Let b = -208 - -213. Suppose -b*i + h + 2705 = 0, 10*i - 7*i - 1623 = 2*h. Is i a prime number?
True
Is 127180/100 + ((-32)/(-10))/(-4) a prime number?
False
Suppose 0 = -5*n + 3*n - 10. Let h(o) = -15 - 6 - 88*o - 8. Is h(n) a prime number?
False
Let z be 28/(-5) - (-2 + 36/15). Let y(f) = f**2 - 4*f - 6. Let l be y(8). Is 15301/l - z/(-4) composite?
False
Suppose 3*w + 7208 = 4*w + 3*y, 7213 = w + 4*y. Suppose w = 3*i - 1588. Is i composite?
False
Let z(j) be the first derivative of 129*j**3 + 3*j**2/2 + 17*j + 53. Is z(-4) a composite number?
False
Suppose 2*j = 488*w - 490*w + 410708, 0 = -j + 2*w + 205345. Is j a prime number?
False
Is 30590223/164*(-4)/(-3) a composite number?
False
Let u = 10340 + 39411. Let s = u + -26566. Is s a prime number?
False
Let h = 6901 + -958. Suppose 5*b - b = 5*l - h, -5*b = 10. Is l a composite number?
False
Let q(t) = 176*t + 337*t + 653*t + 69. Is q(4) a composite number?
False
Let i(a) = 1277*a**2 + 46*a - 258. Is i(5) composite?
True
Is (8/24*1)/(1/222477) a composite number?
False
Suppose 0 = -3*r + 175 - 121. Is (-4)/r - ((-793160)/(-72))/(-5) prime?
True
Let g be 8 - (24/(-4) - -2). Suppose -10*i + g*i - 5*z - 4780 = 0, -5*z = -i + 2385. Is i a composite number?
True
Suppose -5594 = -12*a + 7234. Suppose -t - 3*m = -1145, 0 = 2*t - 2*m - a - 1237. Is t prime?
True
Is (2 + 0 - -5) + (3 - -1) + 159086 composite?
False
Let t(b) = -b**2 + 1. Let d(a) = -12*a**2 - 70*a - 13. Let m(c) = -d(c) + 6*t(c). Is m(-27) prime?
True
Let f = -689 + 2014. Suppose 0 = 3*q + 3*y - 2448, -f = 3*q - 3*y - 3785. Let b = q + -421. Is b composite?
False
Suppose -5*t - 401 = -10*t + 4*s, 0 = -3*s + 3. Let b be (t/(-108))/((-2)/8). Suppose -k + b*f + 478 = 0, 3*f = -k + 4*k - 1452. Is k prime?
True
Let n(b) be the second derivative of 21*b**4/4 + 7*b**3/6 + 25*b**2/2 - 2*b - 9. Is n(-11) prime?
False
Let c = 277 + -271. Is 26482/c + 26/